 2642?
4
What is the units digit of 182?
2
What is the tens digit of 12800?
0
What is the units digit of 1098?
8
What is the units digit of 503?
3
What is the tens digit of 225?
2
What is the thousands digit of 65812?
5
What is the tens digit of 12881?
8
What is the units digit of 3186?
6
What is the thousands digit of 7141?
7
What is the thousands digit of 23036?
3
What is the tens digit of 1066?
6
What is the hundreds digit of 5251?
2
What is the units digit of 11174?
4
What is the thousands digit of 4073?
4
What is the ten thousands digit of 22896?
2
What is the thousands digit of 2050?
2
What is the ten thousands digit of 18126?
1
What is the ten thousands digit of 16537?
1
What is the tens digit of 8378?
7
What is the hundreds digit of 2919?
9
What is the tens digit of 701?
0
What is the thousands digit of 1003?
1
What is the units digit of 241?
1
What is the units digit of 18260?
0
What is the units digit of 3074?
4
What is the tens digit of 12299?
9
What is the units digit of 94083?
3
What is the tens digit of 6171?
7
What is the tens digit of 2067?
6
What is the units digit of 3539?
9
What is the thousands digit of 11416?
1
What is the hundreds digit of 958?
9
What is the units digit of 19925?
5
What is the tens digit of 5156?
5
What is the tens digit of 11934?
3
What is the units digit of 55716?
6
What is the hundreds digit of 1051?
0
What is the ten thousands digit of 61883?
6
What is the thousands digit of 12713?
2
What is the thousands digit of 1714?
1
What is the hundreds digit of 782?
7
What is the thousands digit of 2934?
2
What is the tens digit of 5044?
4
What is the tens digit of 11124?
2
What is the hundreds digit of 27474?
4
What is the units digit of 22732?
2
What is the tens digit of 26054?
5
What is the hundreds digit of 1432?
4
What is the ten thousands digit of 94045?
9
What is the tens digit of 372?
7
What is the units digit of 1211?
1
What is the ten thousands digit of 41320?
4
What is the tens digit of 538?
3
What is the thousands digit of 3193?
3
What is the units digit of 8960?
0
What is the hundreds digit of 88388?
3
What is the hundreds digit of 472?
4
What is the thousands digit of 2378?
2
What is the thousands digit of 3177?
3
What is the units digit of 428?
8
What is the ten thousands digit of 51910?
5
What is the hundreds digit of 84757?
7
What is the units digit of 3974?
4
What is the hundreds digit of 436?
4
What is the tens digit of 525?
2
What is the thousands digit of 3386?
3
What is the hundreds digit of 707?
7
What is the units digit of 258?
8
What is the thousands digit of 15499?
5
What is the hundreds digit of 3423?
4
What is the hundreds digit of 1025?
0
What is the units digit of 33?
3
What is the thousands digit of 2897?
2
What is the thousands digit of 37476?
7
What is the thousands digit of 5886?
5
What is the tens digit of 6742?
4
What is the thousands digit of 7394?
7
What is the units digit of 2301?
1
What is the thousands digit of 50359?
0
What is the units digit of 6?
6
What is the thousands digit of 36575?
6
What is the ten thousands digit of 34968?
3
What is the units digit of 2768?
8
What is the thousands digit of 9486?
9
What is the units digit of 881?
1
What is the tens digit of 264?
6
What is the units digit of 3696?
6
What is the units digit of 27208?
8
What is the hundreds digit of 17542?
5
What is the thousands digit of 1745?
1
What is the tens digit of 821?
2
What is the units digit of 18790?
0
What is the hundreds digit of 2678?
6
What is the units digit of 549?
9
What is the units digit of 37611?
1
What is the ten thousands digit of 15126?
1
What is the units digit of 380?
0
What is the tens digit of 38002?
0
What is the thousands digit of 17945?
7
What is the units digit of 15947?
7
What is the hundreds digit of 576?
5
What is the hundred thousands digit of 107892?
1
What is the units digit of 8970?
0
What is the hundreds digit of 20676?
6
What is the hundreds digit of 42673?
6
What is the thousands digit of 24967?
4
What is the units digit of 499?
9
What is the thousands digit of 2444?
2
What is the hundreds digit of 256?
2
What is the units digit of 27815?
5
What is the thousands digit of 12078?
2
What is the tens digit of 18931?
3
What is the units digit of 43877?
7
What is the units digit of 3628?
8
What is the units digit of 72530?
0
What is the ten thousands digit of 11453?
1
What is the ten thousands digit of 99375?
9
What is the hundreds digit of 4439?
4
What is the hundreds digit of 168494?
4
What is the hundreds digit of 30789?
7
What is the hundreds digit of 637?
6
What is the thousands digit of 12922?
2
What is the tens digit of 3661?
6
What is the hundreds digit of 1649?
6
What is the ten thousands digit of 95587?
9
What is the hundreds digit of 6942?
9
What is the units digit of 874?
4
What is the thousands digit of 3543?
3
What is the hundreds digit of 1172?
1
What is the ten thousands digit of 33735?
3
What is the thousands digit of 5929?
5
What is the tens digit of 18688?
8
What is the tens digit of 5055?
5
What is the units digit of 67403?
3
What is the units digit of 389?
9
What is the ten thousands digit of 38207?
3
What is the tens digit of 3476?
7
What is the hundreds digit of 6613?
6
What is the thousands digit of 15533?
5
What is the tens digit of 28423?
2
What is the thousands digit of 3748?
3
What is the units digit of 519?
9
What is the thousands digit of 1845?
1
What is the ten thousands digit of 52782?
5
What is the tens digit of 61414?
1
What is the units digit of 639?
9
What is the hundreds digit of 9651?
6
What is the thousands digit of 3302?
3
What is the thousands digit of 6073?
6
What is the tens digit of 18994?
9
What is the hundreds digit of 1673?
6
What is the thousands digit of 2617?
2
What is the units digit of 76672?
2
What is the units digit of 6219?
9
What is the ten thousands digit of 26129?
2
What is the hundred thousands digit of 126073?
1
What is the hundreds digit of 663?
6
What is the hundreds digit of 4127?
1
What is the thousands digit of 1641?
1
What is the thousands digit of 4631?
4
What is the units digit of 63074?
4
What is the tens digit of 63005?
0
What is the thousands digit of 122996?
2
What is the tens digit of 51031?
3
What is the units digit of 549?
9
What is the tens digit of 17247?
4
What is the hundreds digit of 284?
2
What is the units digit of 9501?
1
What is the units digit of 377?
7
What is the units digit of 159?
9
What is the ten thousands digit of 81831?
8
What is the thousands digit of 10823?
0
What is the units digit of 4170?
0
What is the hundreds digit of 8499?
4
What is the units digit of 2260?
0
What is the thousands digit of 2779?
2
What is the units digit of 1326?
6
What is the hundreds digit of 42718?
7
What is the tens digit of 18916?
1
What is the hundreds digit of 24884?
8
What is the units digit of 28579?
9
What is the units digit of 6235?
5
What is the hundreds digit of 13926?
9
What is the units digit of 347?
7
What is the units digit of 3794?
4
What is the tens digit of 126589?
8
What is the hundreds digit of 37011?
0
What is the tens digit of 1384?
8
What is the hundreds digit of 52210?
2
What is the hundreds digit of 1521?
5
What is the tens digit of 1079?
7
What is the thousands digit of 1121?
1
What is the tens digit of 50132?
3
What is the units digit of 129095?
5
What is the hundreds digit of 1619?
6
What is the thousands digit of 11154?
1
What is the ten thousands digit of 69894?
6
What is the units digit of 6524?
4
What is the hundreds digit of 44838?
8
What is the hundreds digit of 4633?
6
What is the hundreds digit of 4187?
1
What is the tens digit of 21189?
8
What is the hundred thousands digit of 105281?
1
What is the units digit of 1380?
0
What is the tens digit of 971?
7
What is the tens digit of 3463?
6
What is the units digit of 6163?
3
What is the units digit of 53?
3
What is the hundreds digit of 206?
2
What is the units digit of 42640?
0
What is the tens digit of 11551?
5
What is the tens digit of 1165?
6
What is the units digit of 39533?
3
What is the thousands digit of 2222?
2
What is the thousands digit of 12284?
2
What is the ten thousands digit of 61349?
6
What is the units digit of 3151?
1
What is the units digit of 7908?
8
What is the tens digit of 25816?
1
Wh